 of 132 and 176?
44
What is the greatest common factor of 1695 and 15?
15
What is the greatest common divisor of 1280 and 20?
20
Calculate the greatest common factor of 279 and 9424.
31
Calculate the highest common factor of 54 and 414.
18
Calculate the highest common factor of 64 and 6.
2
Calculate the highest common divisor of 1313 and 26.
13
What is the highest common divisor of 8 and 308?
4
What is the greatest common factor of 225 and 9?
9
Calculate the greatest common divisor of 224 and 168.
56
Calculate the greatest common divisor of 55 and 4730.
55
Calculate the greatest common factor of 350 and 14.
14
What is the greatest common divisor of 106520 and 40?
40
What is the highest common divisor of 1242 and 18?
18
Calculate the highest common divisor of 1 and 6659.
1
Calculate the greatest common divisor of 15 and 750.
15
Calculate the highest common factor of 18 and 5298.
6
Calculate the highest common divisor of 3995 and 85.
85
Calculate the highest common divisor of 399 and 57.
57
What is the greatest common factor of 1640 and 360?
40
Calculate the highest common divisor of 110 and 200.
10
Calculate the highest common divisor of 46 and 4.
2
What is the greatest common factor of 16 and 9944?
8
What is the highest common divisor of 1600 and 3400?
200
Calculate the greatest common factor of 44 and 99.
11
What is the highest common factor of 129 and 43?
43
What is the greatest common divisor of 1072 and 16?
16
What is the highest common factor of 4 and 64?
4
Calculate the greatest common factor of 878 and 2.
2
Calculate the highest common divisor of 76 and 494.
38
What is the greatest common divisor of 250 and 20?
10
Calculate the greatest common factor of 39 and 208.
13
What is the greatest common divisor of 168 and 936?
24
Calculate the greatest common factor of 456 and 836.
76
Calculate the greatest common divisor of 418 and 77.
11
Calculate the highest common factor of 8052 and 12.
12
Calculate the highest common divisor of 5668 and 104.
52
What is the highest common divisor of 9366 and 56?
14
Calculate the highest common factor of 234 and 1144.
26
What is the greatest common divisor of 4698 and 406?
58
Calculate the highest common divisor of 130 and 2938.
26
What is the greatest common factor of 3549 and 1911?
273
Calculate the greatest common divisor of 557 and 2.
1
Calculate the highest common divisor of 3 and 19.
1
What is the greatest common factor of 66 and 13486?
22
Calculate the highest common divisor of 42 and 434.
14
Calculate the highest common divisor of 12 and 3.
3
Calculate the greatest common divisor of 24 and 88.
8
Calculate the highest common factor of 21 and 9093.
21
Calculate the highest common factor of 117 and 18.
9
What is the greatest common divisor of 167 and 6179?
167
What is the highest common divisor of 462 and 7238?
154
Calculate the highest common factor of 492 and 12.
12
What is the highest common factor of 378 and 1782?
54
Calculate the highest common factor of 44 and 286.
22
Calculate the highest common factor of 81 and 9.
9
Calculate the highest common factor of 42765 and 15.
15
Calculate the highest common divisor of 61 and 17873.
61
Calculate the greatest common divisor of 357 and 153.
51
Calculate the highest common factor of 35074 and 19.
19
Calculate the greatest common factor of 2943 and 4578.
327
Calculate the highest common divisor of 5012 and 56.
28
Calculate the highest common factor of 4 and 472.
4
What is the greatest common factor of 4 and 268?
4
What is the greatest common factor of 91 and 12467?
91
Calculate the greatest common factor of 78 and 10686.
78
What is the greatest common divisor of 184 and 1012?
92
What is the highest common divisor of 7 and 77?
7
What is the highest common divisor of 52 and 468?
52
Calculate the greatest common divisor of 240 and 300.
60
Calculate the greatest common divisor of 1360 and 30.
10
Calculate the highest common divisor of 517 and 55.
11
Calculate the greatest common factor of 93879 and 122.
61
What is the greatest common factor of 11640 and 135?
15
Calculate the greatest common divisor of 16135 and 35.
35
Calculate the greatest common divisor of 159 and 53.
53
What is the highest common factor of 1320 and 2760?
120
Calculate the highest common factor of 17 and 119.
17
Calculate the highest common factor of 112 and 7792.
16
What is the highest common divisor of 49 and 784?
49
Calculate the greatest common factor of 561 and 1020.
51
Calculate the highest common factor of 10 and 230.
10
What is the greatest common divisor of 583 and 11?
11
What is the greatest common divisor of 8466 and 102?
102
What is the highest common factor of 91 and 28?
7
Calculate the greatest common factor of 1035 and 24.
3
What is the highest common factor of 884 and 52?
52
Calculate the highest common divisor of 1141 and 21.
7
Calculate the highest common divisor of 255 and 969.
51
What is the greatest common divisor of 3 and 36?
3
What is the highest common divisor of 2324 and 249?
83
What is the highest common divisor of 372 and 12?
12
What is the greatest common divisor of 9 and 60975?
9
What is the highest common divisor of 30 and 6330?
30
Calculate the highest common divisor of 8 and 132.
4
What is the highest common divisor of 60 and 50680?
20
Calculate the greatest common divisor of 15 and 10815.
15
Calculate the highest common divisor of 36 and 441.
9
What is the highest common factor of 108 and 90?
18
Calculate the greatest common factor of 10 and 2.
2
Calculate the greatest common factor of 4532 and 16.
4
Calculate the greatest common factor of 39 and 9789.
39
What is the greatest common divisor of 7188 and 12?
12
Calculate the greatest common divisor of 34 and 816.
34
Calculate the highest common divisor of 108 and 28.
4
What is the greatest common factor of 184 and 10764?
92
Calculate the greatest common divisor of 16 and 1248.
16
Calculate the highest common factor of 893 and 19.
19
Calculate the greatest common divisor of 720 and 90.
90
Calculate the greatest common divisor of 1192 and 16.
8
Calculate the greatest common divisor of 1148 and 868.
28
Calculate the highest common factor of 2279 and 43.
43
Calculate the greatest common divisor of 240 and 90.
30
What is the highest common factor of 45 and 108?
9
Calculate the greatest common divisor of 342 and 90.
18
Calculate the greatest common factor of 254 and 2159.
127
Calculate the greatest common factor of 1 and 99.
1
What is the highest common factor of 31650 and 60?
30
Calculate the highest common factor of 3 and 57.
3
What is the highest common divisor of 3074 and 4?
2
Calculate the highest common factor of 198 and 153.
9
Calculate the greatest common divisor of 69 and 213.
3
What is the highest common divisor of 38 and 1121?
19
What is the greatest common divisor of 57 and 133?
19
What is the highest common factor of 1 and 8?
1
Calculate the greatest common factor of 6 and 126.
6
Calculate the highest common divisor of 1600 and 125.
25
Calculate the greatest common divisor of 11269 and 177.
59
What is the greatest common divisor of 32356 and 4?
4
Calculate the greatest common divisor of 456 and 24.
24
Calculate the greatest common factor of 35 and 77.
7
Calculate the greatest common factor of 38 and 950.
38
What is the greatest common factor of 1912 and 16?
8
What is the highest common divisor of 6893 and 244?
61
Calculate the greatest common divisor of 1314 and 18.
18
Calculate the greatest common divisor of 7 and 35.
7
What is the highest common divisor of 341 and 33?
11
What is the greatest common factor of 172 and 15523?
43
Calculate the highest common factor of 416 and 13104.
208
Calculate the greatest common factor of 32956 and 616.
308
Calculate the highest common divisor of 456 and 96.
24
Calculate the highest common divisor of 12 and 18912.
12
Calculate the greatest common factor of 5540 and 20.
20
What is the greatest common factor of 130 and 52?
26
Calculate the highest common divisor of 137 and 17.
1
Calculate the highest common divisor of 345 and 48.
3
What is the highest common divisor of 372 and 12?
12
Calculate the greatest common factor of 150 and 720.
30
Calculate the highest common divisor of 36 and 228.
12
What is the highest common divisor of 52 and 234?
26
Calculate the greatest 